 (base 11) to base 6.
-204
Convert 4 (base 9) to base 10.
4
Convert 4 (base 13) to base 15.
4
1001 (base 2) to base 9
10
What is 9 (base 14) in base 12?
9
Convert 1 (base 4) to base 15.
1
What is -b0 (base 14) in base 6?
-414
What is -a (base 12) in base 11?
-a
What is -2 (base 16) in base 5?
-2
10 (base 11) to base 6
15
What is 1000 (base 3) in base 15?
1c
43 (base 5) to base 2
10111
1c (base 14) to base 5
101
-34 (base 14) to base 11
-42
Convert -42 (base 11) to base 8.
-56
Convert 100 (base 2) to base 4.
10
What is -1001 (base 2) in base 7?
-12
Convert 11 (base 11) to base 4.
30
Convert 85 (base 14) to base 12.
99
Convert 137 (base 10) to base 9.
162
What is a3 (base 12) in base 7?
234
Convert -6 (base 9) to base 5.
-11
Convert 11 (base 5) to base 3.
20
33 (base 10) to base 8
41
What is -55 (base 9) in base 15?
-35
Convert 28 (base 10) to base 16.
1c
What is 12 (base 8) in base 5?
20
What is 22 (base 8) in base 12?
16
Convert 3 (base 4) to base 9.
3
Convert -4 (base 15) to base 7.
-4
Convert 1001 (base 2) to base 10.
9
Convert 210 (base 3) to base 8.
25
-e (base 15) to base 13
-11
Convert -33 (base 6) to base 14.
-17
Convert -197 (base 11) to base 5.
-1402
-10c (base 15) to base 7
-456
What is -11 (base 12) in base 9?
-14
120 (base 14) to base 8
340
Convert -3 (base 10) to base 4.
-3
0 (base 15) to base 5
0
Convert 3111 (base 4) to base 14.
113
-12 (base 3) to base 16
-5
What is 25 (base 16) in base 2?
100101
Convert -231 (base 6) to base 3.
-10101
Convert -67 (base 9) to base 5.
-221
Convert 3 (base 14) to base 16.
3
What is -5 (base 9) in base 10?
-5
What is -229 (base 11) in base 15?
-133
What is -cb (base 14) in base 6?
-455
What is -1 (base 6) in base 14?
-1
-2033 (base 4) to base 12
-bb
Convert 42 (base 7) to base 16.
1e
Convert 53 (base 11) to base 16.
3a
What is -11 (base 5) in base 3?
-20
308 (base 10) to base 15
158
1a (base 15) to base 6
41
Convert 121 (base 4) to base 2.
11001
What is -22 (base 3) in base 10?
-8
Convert -3 (base 5) to base 8.
-3
What is 120 (base 3) in base 5?
30
Convert 1 (base 14) to base 12.
1
-110011 (base 2) to base 13
-3c
Convert -3 (base 6) to base 12.
-3
-4 (base 5) to base 16
-4
What is 212 (base 3) in base 7?
32
What is 7 (base 9) in base 14?
7
What is -e (base 16) in base 4?
-32
What is -4 (base 11) in base 5?
-4
-2 (base 5) to base 3
-2
Convert 111111 (base 2) to base 11.
58
-4 (base 15) to base 5
-4
What is -8b (base 14) in base 8?
-173
Convert c (base 13) to base 14.
c
Convert -110 (base 4) to base 12.
-18
Convert -15 (base 7) to base 15.
-c
Convert 2 (base 13) to base 10.
2
What is -55 (base 8) in base 12?
-39
Convert 6 (base 10) to base 2.
110
-21022 (base 3) to base 6
-525
Convert 33 (base 11) to base 14.
28
101100011 (base 2) to base 16
163
-9 (base 12) to base 16
-9
-20 (base 14) to base 5
-103
What is -11 (base 10) in base 16?
-b
What is -46 (base 16) in base 15?
-4a
Convert 6 (base 16) to base 7.
6
What is -40 (base 5) in base 11?
-19
Convert 127 (base 11) to base 9.
176
What is -a2 (base 15) in base 16?
-98
Convert -374 (base 8) to base 13.
-165
What is -d (base 15) in base 8?
-15
1 (base 4) to base 14
1
232 (base 5) to base 12
57
Convert b5 (base 12) to base 16.
89
What is 49 (base 16) in base 2?
1001001
Convert -1 (base 11) to base 16.
-1
What is -7 (base 16) in base 3?
-21
What is -10011 (base 2) in base 7?
-25
What is -2 (base 13) in base 12?
-2
What is -1 (base 9) in base 8?
-1
1011000 (base 2) to base 9
107
Convert 38 (base 10) to base 4.
212
Convert 11 (base 2) to base 16.
3
What is -68 (base 14) in base 10?
-92
Convert -110 (base 6) to base 14.
-30
Convert 144 (base 13) to base 15.
100
23 (base 10) to base 11
21
What is -143 (base 5) in base 16?
-30
What is 0 (base 11) in base 13?
0
d (base 15) to base 2
1101
Convert -10000 (base 3) to base 12.
-69
What is -3 (base 9) in base 16?
-3
Convert 12 (base 10) to base 12.
10
-111000 (base 2) to base 8
-70
-222 (base 3) to base 12
-22
Convert 5 (base 12) to base 10.
5
Convert 2120 (base 3) to base 16.
45
What is -11 (base 6) in base 9?
-7
What is -2 (base 3) in base 10?
-2
Convert -2 (base 9) to base 7.
-2
-24 (base 5) to base 6
-22
40 (base 5) to base 14
16
-2002 (base 3) to base 4
-320
Convert 0 (base 8) to base 6.
0
4 (base 6) to base 9
4
What is 3 (base 11) in base 3?
10
What is -164 (base 10) in base 6?
-432
Convert -300 (base 6) to base 7.
-213
Convert 11200 (base 3) to base 5.
1001
What is -155 (base 6) in base 7?
-131
Convert 9 (base 11) to base 15.
9
What is 1 (base 8) in base 5?
1
Convert 22 (base 13) to base 12.
24
Convert 16 (base 14) to base 11.
19
10 (base 3) to base 9
3
-120 (base 16) to base 13
-192
What is -d (base 14) in base 3?
-111
What is -13 (base 10) in base 2?
-1101
What is -3 (base 15) in base 9?
-3
Convert -1 (base 11) to base 10.
-1
Convert 4 (base 5) to base 12.
4
0 (base 5) to base 3
0
What is 6 (base 9) in base 10?
6
What is 333 (base 8) in base 11?
18a
Convert -413 (base 5) to base 13.
-84
-3 (base 6) to base 11
-3
-1 (base 9) to base 15
-1
What is 2 (base 6) in base 2?
10
What is -13 (base 6) in base 8?
-11
What is -100 (base 2) in base 4?
-10
Convert 1 (base 6) to base 3.
1
10 (base 5) to base 4
11
What is 20 (base 13) in base 8?
32
Convert 23 (base 7) to base 15.
12
Convert -2 (base 5) to base 7.
-2
192 (base 12) to base 11
211
What is -68 (base 13) in base 12?
-72
Convert 71 (base 11) to base 13.
60
Convert -10b (base 14) to base 13.
-12c
4 (base 7) to base 9
4
3 (base 16) to base 11
3
Convert -202 (base 8) to base 10.
-130
-3 (base 12) to base 2
-11
-101222 (base 3) to base 13
-19a
Convert 9 (base 11) to base 7.
12
123 (base 4) to base 8
33
-4 (base 13) to base 15
-4
f (base 16) to base 13
12
What is 103 (base 8) in base 3?
2111
Convert 0 (base 10) to base 6.
0
-111 (base 5) to base 9
-34
Convert -101 (base 2) to base 9.
-5
Convert 2 (base 14) to base 3.
2
Convert 312 (base 10) to base 9.
376
-5 (base 14) to base 9
-5
-123 (base 5) to base 2
-100110
Convert 1 (base 4) to base 7.
1
What is 0 (base 9) in base 10?
0
Convert 37 (base 13) to base 8.
56
a7 (base 14) to base 11
124
1 (base 13) to base 11
1
-3 (base 4) to base 9
-3
Convert 13 (base 16) to base 10.
19
What is 24 (base 15) in base 9?
37
What is 5 (base 11) in base 16?
5
-7 (base 9) to base 14
-7
21 (base 8) to base 2
10001
What is -4 (base 5) in base 14?
-4
1 (base 11) to base 9
1
What is 3 (base 9) in base 4?
3
26 (base 12) to base 9
33
-4 (base 6) to base 14
-4
What is 3 (base 15) in base 2?
11
-12 (base 16) to base 2
-10010
Convert -1 (base 10) to base 12.
-1
Convert 3 (base 4) to base 13.
3
What is 4 (base 12) in base 5?
4
Convert -1 (base 3) to base 15.
-1
Convert 0 (base 16) to base 2.
0
Convert c3 (base 16) to base 13.
120
Convert -10 (base 2) to base 16.
-2
5 (base 16) to base 2
101
What is 313 (base 9) in base 15?
120
What is 40 (base 5) in base 14?
16
-2122 (base 3) to base 7
-131
Convert 151 (base 8) to base 10.
105
24 (base 12) to base 15
1d
What is 43 (base 16) in base 12?
57
-2 (base 8) to base 16
-2
What is -9a (base 11) in base 6?
-301
What is 65 (base 7) in base 4?
233
-3 (base 14) to base 16
-3
Convert -15 (base 13) to base 4.
-102
Convert -11 (base 3) to base 8.
-4
What is -db (base 14) in base 8?
-301
-1 (base 3) to base 14
-1
Convert -190 (base 11) to base 10.
-220
Convert -22 (base 4) to base 10.
-10
Convert -1 (base 9) to base 7.
-1
What is -108 (base 13) in base 14?
-c9
What is 88 (base 13) in base 14?
80
Convert -e2 (base 16) to base 4.
-3202
123 (base 6) to base 13
3c
What is -10 (base 5) in base 16?
-5
What is -2 (base 6) in base 5?
-2
What is 6 (base 7) in base 12?
6
203 (base 13) to base 8
525
What is e (base 15) in base 5?
24
What is 1 (base 14) in base 16?
1
What is -5 (base 14) in base 4?
-11
Convert 30 (base 10) to base 6.
50
What is 0 (base 11) in base 10?
0
Convert -111 (base 5) to base 11.
-29
What is 1034 (base 6) in base 7?
460
Convert -102 (base 3) to base 9.
-12
Convert -15 (base 16) to base 7.
-30
Convert 2 (base 14) to base 10.
2
What is 131 (base 5) in base 11?
38
What is 1110 (base 2) in base 8?
16
What is -140 (base 6) in base 14?
-44
-20 (base 3) to base 16
-6
Convert 18 (base 10) to base 2.
10010
0 (base 10) to base 16
0
Convert -4 (base 16) to base 12.
-4
What is -12 (base 7) in base 10?
-9
10110